{"id":392,"date":"2025-02-22T17:58:01","date_gmt":"2025-02-22T16:58:01","guid":{"rendered":"https:\/\/www.poledance.sk\/?page_id=392"},"modified":"2025-02-22T18:04:36","modified_gmt":"2025-02-22T17:04:36","slug":"napiste-nam","status":"publish","type":"page","link":"https:\/\/www.poledance.sk\/index.php\/napiste-nam\/","title":{"rendered":"Nap\u00ed\u0161te n\u00e1m"},"content":{"rendered":"\t\t<div data-elementor-type=\"wp-page\" data-elementor-id=\"392\" class=\"elementor elementor-392\">\n\t\t\t\t<div class=\"elementor-element elementor-element-1128e55 e-flex e-con-boxed e-con e-parent\" data-id=\"1128e55\" data-element_type=\"container\" data-e-type=\"container\">\n\t\t\t\t\t<div class=\"e-con-inner\">\n\t\t\t\t<div class=\"elementor-element elementor-element-590ef722 elementor-widget elementor-widget-text-editor\" data-id=\"590ef722\" data-element_type=\"widget\" data-e-type=\"widget\" data-widget_type=\"text-editor.default\">\n\t\t\t\t<div class=\"elementor-widget-container\">\n\t\t\t\t\t\t\t\t\t<div class=\"wpcf7 no-js\" id=\"wpcf7-f387-o1\" lang=\"sk-SK\" dir=\"ltr\" data-wpcf7-id=\"387\">\n<div class=\"screen-reader-response\">\n<p role=\"status\" aria-live=\"polite\" aria-atomic=\"true\">\n<ul><\/ul>\n<\/div>\n<form action=\"\/index.php\/wp-json\/wp\/v2\/pages\/392#wpcf7-f387-o1\" method=\"post\" class=\"wpcf7-form init\" aria-label=\"Kontaktn\u00fd formul\u00e1r\" novalidate=\"novalidate\" data-status=\"init\">\n<fieldset class=\"hidden-fields-container\"><input type=\"hidden\" name=\"_wpcf7\" value=\"387\" \/><input type=\"hidden\" name=\"_wpcf7_version\" value=\"6.1.5\" \/><input type=\"hidden\" name=\"_wpcf7_locale\" value=\"sk_SK\" \/><input type=\"hidden\" name=\"_wpcf7_unit_tag\" value=\"wpcf7-f387-o1\" \/><input type=\"hidden\" name=\"_wpcf7_container_post\" value=\"0\" \/><input type=\"hidden\" name=\"_wpcf7_posted_data_hash\" value=\"\" \/><br \/>\n<\/fieldset>\n<p><label> Va\u0161e meno<br \/>\n<span class=\"wpcf7-form-control-wrap\" data-name=\"your-name\"><input size=\"40\" maxlength=\"400\" class=\"wpcf7-form-control wpcf7-text wpcf7-validates-as-required\" autocomplete=\"name\" aria-required=\"true\" aria-invalid=\"false\" value=\"\" type=\"text\" name=\"your-name\" \/><\/span> <\/label>\n<\/p>\n<p><label> V\u00e1\u0161 email<br \/>\n<span class=\"wpcf7-form-control-wrap\" data-name=\"your-email\"><input size=\"40\" maxlength=\"400\" class=\"wpcf7-form-control wpcf7-email wpcf7-validates-as-required wpcf7-text wpcf7-validates-as-email\" autocomplete=\"email\" aria-required=\"true\" aria-invalid=\"false\" value=\"\" type=\"email\" name=\"your-email\" \/><\/span> <\/label>\n<\/p>\n<p><label> Predmet<br \/>\n<span class=\"wpcf7-form-control-wrap\" data-name=\"your-subject\"><input size=\"40\" maxlength=\"400\" class=\"wpcf7-form-control wpcf7-text wpcf7-validates-as-required\" aria-required=\"true\" aria-invalid=\"false\" value=\"\" type=\"text\" name=\"your-subject\" \/><\/span> <\/label>\n<\/p>\n<p><label> Va\u0161a spr\u00e1va (volite\u013en\u00e9)<br \/>\n<span class=\"wpcf7-form-control-wrap\" data-name=\"your-message\"><textarea cols=\"40\" rows=\"10\" maxlength=\"2000\" class=\"wpcf7-form-control wpcf7-textarea\" aria-invalid=\"false\" name=\"your-message\"><\/textarea><\/span> <\/label>\n<\/p>\n<p><input class=\"wpcf7-form-control wpcf7-submit has-spinner\" type=\"submit\" value=\"Odosla\u0165\" \/>\n<\/p>\n<p style=\"display: none !important;\" class=\"akismet-fields-container\" data-prefix=\"_wpcf7_ak_\"><label>&#916;<textarea name=\"_wpcf7_ak_hp_textarea\" cols=\"45\" rows=\"8\" maxlength=\"100\"><\/textarea><\/label><input type=\"hidden\" id=\"ak_js_1\" name=\"_wpcf7_ak_js\" value=\"19\"\/><script>document.getElementById( \"ak_js_1\" ).setAttribute( \"value\", ( new Date() ).getTime() );<\/script><\/p>\n<div class=\"wpcf7-response-output\" aria-hidden=\"true\"><\/div>\n<\/form>\n<\/div>\n\n<p>\u00a0<\/p>\n\t\t\t\t\t\t\t\t<\/div>\n\t\t\t\t<\/div>\n\t\t\t\t\t<\/div>\n\t\t\t\t<\/div>\n\t\t\t\t<\/div>\n\t\t","protected":false},"excerpt":{"rendered":"<p>\u00a0<\/p>\n","protected":false},"author":1,"featured_media":0,"parent":0,"menu_order":0,"comment_status":"closed","ping_status":"closed","template":"","meta":{"_uf_show_specific_survey":0,"_uf_disable_surveys":false,"footnotes":""},"class_list":["post-392","page","type-page","status-publish","hentry"],"yoast_head":"<!-- This site is optimized with the Yoast SEO plugin v27.4 - https:\/\/yoast.com\/product\/yoast-seo-wordpress\/ -->\n<title>Nap\u00ed\u0161te n\u00e1m | www.poledance.sk<\/title>\n<meta name=\"robots\" content=\"index, follow, max-snippet:-1, max-image-preview:large, max-video-preview:-1\" \/>\n<link rel=\"canonical\" href=\"https:\/\/www.poledance.sk\/index.php\/napiste-nam\/\" \/>\n<meta property=\"og:locale\" content=\"sk_SK\" \/>\n<meta property=\"og:type\" content=\"article\" \/>\n<meta property=\"og:title\" content=\"Nap\u00ed\u0161te n\u00e1m | www.poledance.sk\" \/>\n<meta property=\"og:description\" content=\"\u00a0\" \/>\n<meta property=\"og:url\" content=\"https:\/\/www.poledance.sk\/index.php\/napiste-nam\/\" \/>\n<meta property=\"og:site_name\" content=\"www.poledance.sk\" \/>\n<meta property=\"article:publisher\" content=\"https:\/\/www.facebook.com\/mickapoleslovensko\" \/>\n<meta property=\"article:modified_time\" content=\"2025-02-22T17:04:36+00:00\" \/>\n<meta property=\"og:image\" content=\"https:\/\/www.poledance.sk\/wp-content\/uploads\/2024\/02\/pexels-poleplace-online-poledance-studio-17286941-scaled.jpg\" \/>\n\t<meta property=\"og:image:width\" content=\"2560\" \/>\n\t<meta property=\"og:image:height\" content=\"1707\" \/>\n\t<meta property=\"og:image:type\" content=\"image\/jpeg\" \/>\n<meta name=\"twitter:card\" content=\"summary_large_image\" \/>\n<meta name=\"twitter:label1\" content=\"Predpokladan\u00fd \u010das \u010d\u00edtania\" \/>\n\t<meta name=\"twitter:data1\" content=\"1 min\u00fata\" \/>\n<script type=\"application\/ld+json\" class=\"yoast-schema-graph\">{\"@context\":\"https:\\\/\\\/schema.org\",\"@graph\":[{\"@type\":\"WebPage\",\"@id\":\"https:\\\/\\\/www.poledance.sk\\\/index.php\\\/napiste-nam\\\/\",\"url\":\"https:\\\/\\\/www.poledance.sk\\\/index.php\\\/napiste-nam\\\/\",\"name\":\"Nap\u00ed\u0161te n\u00e1m | www.poledance.sk\",\"isPartOf\":{\"@id\":\"https:\\\/\\\/www.poledance.sk\\\/#website\"},\"datePublished\":\"2025-02-22T16:58:01+00:00\",\"dateModified\":\"2025-02-22T17:04:36+00:00\",\"breadcrumb\":{\"@id\":\"https:\\\/\\\/www.poledance.sk\\\/index.php\\\/napiste-nam\\\/#breadcrumb\"},\"inLanguage\":\"sk-SK\",\"potentialAction\":[{\"@type\":\"ReadAction\",\"target\":[\"https:\\\/\\\/www.poledance.sk\\\/index.php\\\/napiste-nam\\\/\"]}]},{\"@type\":\"BreadcrumbList\",\"@id\":\"https:\\\/\\\/www.poledance.sk\\\/index.php\\\/napiste-nam\\\/#breadcrumb\",\"itemListElement\":[{\"@type\":\"ListItem\",\"position\":1,\"name\":\"Domovsk\u00e1 str\u00e1nka\",\"item\":\"https:\\\/\\\/www.poledance.sk\\\/\"},{\"@type\":\"ListItem\",\"position\":2,\"name\":\"Nap\u00ed\u0161te n\u00e1m\"}]},{\"@type\":\"WebSite\",\"@id\":\"https:\\\/\\\/www.poledance.sk\\\/#website\",\"url\":\"https:\\\/\\\/www.poledance.sk\\\/\",\"name\":\"www.poledance.sk\",\"description\":\"V\u0161etko, \u010do chce\u0161 vedie\u0165 o pole dance\",\"publisher\":{\"@id\":\"https:\\\/\\\/www.poledance.sk\\\/#organization\"},\"alternateName\":\"pole dance slovensko v\u0161etko \u010do chce\u0161 vedie\u0165 o pole dance\",\"potentialAction\":[{\"@type\":\"SearchAction\",\"target\":{\"@type\":\"EntryPoint\",\"urlTemplate\":\"https:\\\/\\\/www.poledance.sk\\\/?s={search_term_string}\"},\"query-input\":{\"@type\":\"PropertyValueSpecification\",\"valueRequired\":true,\"valueName\":\"search_term_string\"}}],\"inLanguage\":\"sk-SK\"},{\"@type\":\"Organization\",\"@id\":\"https:\\\/\\\/www.poledance.sk\\\/#organization\",\"name\":\"Pole Dance\",\"url\":\"https:\\\/\\\/www.poledance.sk\\\/\",\"logo\":{\"@type\":\"ImageObject\",\"inLanguage\":\"sk-SK\",\"@id\":\"https:\\\/\\\/www.poledance.sk\\\/#\\\/schema\\\/logo\\\/image\\\/\",\"url\":\"https:\\\/\\\/www.poledance.sk\\\/wp-content\\\/uploads\\\/2024\\\/02\\\/cropped-logo-Micka-Pole-Slovensko.png\",\"contentUrl\":\"https:\\\/\\\/www.poledance.sk\\\/wp-content\\\/uploads\\\/2024\\\/02\\\/cropped-logo-Micka-Pole-Slovensko.png\",\"width\":512,\"height\":512,\"caption\":\"Pole Dance\"},\"image\":{\"@id\":\"https:\\\/\\\/www.poledance.sk\\\/#\\\/schema\\\/logo\\\/image\\\/\"},\"sameAs\":[\"https:\\\/\\\/www.facebook.com\\\/mickapoleslovensko\",\"https:\\\/\\\/www.instagram.com\\\/micka_pole_slovensko\\\/\"]}]}<\/script>\n<!-- \/ Yoast SEO plugin. -->","yoast_head_json":{"title":"Nap\u00ed\u0161te n\u00e1m | www.poledance.sk","robots":{"index":"index","follow":"follow","max-snippet":"max-snippet:-1","max-image-preview":"max-image-preview:large","max-video-preview":"max-video-preview:-1"},"canonical":"https:\/\/www.poledance.sk\/index.php\/napiste-nam\/","og_locale":"sk_SK","og_type":"article","og_title":"Nap\u00ed\u0161te n\u00e1m | www.poledance.sk","og_description":"\u00a0","og_url":"https:\/\/www.poledance.sk\/index.php\/napiste-nam\/","og_site_name":"www.poledance.sk","article_publisher":"https:\/\/www.facebook.com\/mickapoleslovensko","article_modified_time":"2025-02-22T17:04:36+00:00","og_image":[{"width":2560,"height":1707,"url":"https:\/\/www.poledance.sk\/wp-content\/uploads\/2024\/02\/pexels-poleplace-online-poledance-studio-17286941-scaled.jpg","type":"image\/jpeg"}],"twitter_card":"summary_large_image","twitter_misc":{"Predpokladan\u00fd \u010das \u010d\u00edtania":"1 min\u00fata"},"schema":{"@context":"https:\/\/schema.org","@graph":[{"@type":"WebPage","@id":"https:\/\/www.poledance.sk\/index.php\/napiste-nam\/","url":"https:\/\/www.poledance.sk\/index.php\/napiste-nam\/","name":"Nap\u00ed\u0161te n\u00e1m | www.poledance.sk","isPartOf":{"@id":"https:\/\/www.poledance.sk\/#website"},"datePublished":"2025-02-22T16:58:01+00:00","dateModified":"2025-02-22T17:04:36+00:00","breadcrumb":{"@id":"https:\/\/www.poledance.sk\/index.php\/napiste-nam\/#breadcrumb"},"inLanguage":"sk-SK","potentialAction":[{"@type":"ReadAction","target":["https:\/\/www.poledance.sk\/index.php\/napiste-nam\/"]}]},{"@type":"BreadcrumbList","@id":"https:\/\/www.poledance.sk\/index.php\/napiste-nam\/#breadcrumb","itemListElement":[{"@type":"ListItem","position":1,"name":"Domovsk\u00e1 str\u00e1nka","item":"https:\/\/www.poledance.sk\/"},{"@type":"ListItem","position":2,"name":"Nap\u00ed\u0161te n\u00e1m"}]},{"@type":"WebSite","@id":"https:\/\/www.poledance.sk\/#website","url":"https:\/\/www.poledance.sk\/","name":"www.poledance.sk","description":"V\u0161etko, \u010do chce\u0161 vedie\u0165 o pole dance","publisher":{"@id":"https:\/\/www.poledance.sk\/#organization"},"alternateName":"pole dance slovensko v\u0161etko \u010do chce\u0161 vedie\u0165 o pole dance","potentialAction":[{"@type":"SearchAction","target":{"@type":"EntryPoint","urlTemplate":"https:\/\/www.poledance.sk\/?s={search_term_string}"},"query-input":{"@type":"PropertyValueSpecification","valueRequired":true,"valueName":"search_term_string"}}],"inLanguage":"sk-SK"},{"@type":"Organization","@id":"https:\/\/www.poledance.sk\/#organization","name":"Pole Dance","url":"https:\/\/www.poledance.sk\/","logo":{"@type":"ImageObject","inLanguage":"sk-SK","@id":"https:\/\/www.poledance.sk\/#\/schema\/logo\/image\/","url":"https:\/\/www.poledance.sk\/wp-content\/uploads\/2024\/02\/cropped-logo-Micka-Pole-Slovensko.png","contentUrl":"https:\/\/www.poledance.sk\/wp-content\/uploads\/2024\/02\/cropped-logo-Micka-Pole-Slovensko.png","width":512,"height":512,"caption":"Pole Dance"},"image":{"@id":"https:\/\/www.poledance.sk\/#\/schema\/logo\/image\/"},"sameAs":["https:\/\/www.facebook.com\/mickapoleslovensko","https:\/\/www.instagram.com\/micka_pole_slovensko\/"]}]}},"_links":{"self":[{"href":"https:\/\/www.poledance.sk\/index.php\/wp-json\/wp\/v2\/pages\/392","targetHints":{"allow":["GET"]}}],"collection":[{"href":"https:\/\/www.poledance.sk\/index.php\/wp-json\/wp\/v2\/pages"}],"about":[{"href":"https:\/\/www.poledance.sk\/index.php\/wp-json\/wp\/v2\/types\/page"}],"author":[{"embeddable":true,"href":"https:\/\/www.poledance.sk\/index.php\/wp-json\/wp\/v2\/users\/1"}],"replies":[{"embeddable":true,"href":"https:\/\/www.poledance.sk\/index.php\/wp-json\/wp\/v2\/comments?post=392"}],"version-history":[{"count":4,"href":"https:\/\/www.poledance.sk\/index.php\/wp-json\/wp\/v2\/pages\/392\/revisions"}],"predecessor-version":[{"id":400,"href":"https:\/\/www.poledance.sk\/index.php\/wp-json\/wp\/v2\/pages\/392\/revisions\/400"}],"wp:attachment":[{"href":"https:\/\/www.poledance.sk\/index.php\/wp-json\/wp\/v2\/media?parent=392"}],"curies":[{"name":"wp","href":"https:\/\/api.w.org\/{rel}","templated":true}]}}